{"id":235,"date":"2021-04-05T18:07:10","date_gmt":"2021-04-05T16:07:10","guid":{"rendered":"https:\/\/masterinfodroit.lacl.fr\/?page_id=235"},"modified":"2021-04-05T18:07:10","modified_gmt":"2021-04-05T16:07:10","slug":"description-de-la-formation","status":"publish","type":"page","link":"https:\/\/masterinfodroit.lacl.fr\/?page_id=235","title":{"rendered":"Description de la formation"},"content":{"rendered":"\n<p>Le parcours \u00ab&nbsp;<a href=\"http:\/\/droit.u-pec.fr\/formations\/master-droit-du-numerique-parcours-droit-et-informatique-644432.kjsp?RH=1240410152782\">Informatique et Droit<\/a>&nbsp;\u00bb, le seul, de la mention \u00ab Droit du num\u00e9rique \u00bb du master \u00ab&nbsp;<a href=\"http:\/\/droit.u-pec.fr\/formations\/masters\/\">Droit<\/a>&nbsp;\u00bb s&rsquo;adresse aux \u00e9tudiants titulaires d&rsquo;une licence de Droit, d&rsquo;une part, et v\u00e9ritablement int\u00e9ress\u00e9s par les sciences du num\u00e9rique (informatique), d&rsquo;autre part.<\/p>\n\n\n\n<p>Le dipl\u00f4me forme des juristes sp\u00e9cialis\u00e9s en droit du num\u00e9rique ayant acquis suffisamment de technicit\u00e9 dans les sciences du num\u00e9rique pour pouvoir dialoguer efficacement avec les sp\u00e9cialistes de cette derni\u00e8re discipline (programmeurs, administrateurs de bases de donn\u00e9es, administrateurs r\u00e9seau et autres informaticiens) afin de pouvoir \u00e9tablir, par exemple, des contrats, d&rsquo;une part, et de d\u00e9fendre ou s&rsquo;opposer \u00e0 des contrats existants, d&rsquo;autre part. Il permet \u00e9galement de participer \u00e0 la mise en \u0153uvre, y compris d&rsquo;un point de vue technique, des moyens de protection des donn\u00e9es \u00e0 caract\u00e8re personnel.<\/p>\n\n\n\n<h2 class=\"wp-block-heading\">Comp\u00e9tences vis\u00e9es<\/h2>\n\n\n\n<p>Le dipl\u00f4m\u00e9 doit \u00eatre capable<\/p>\n\n\n\n<ul class=\"wp-block-list\"><li>de participer en tant que juriste aux activit\u00e9s d&rsquo;une entreprise, d&rsquo;un organisme ou en tant qu&rsquo;avocat ;<\/li><li>de communiquer efficacement, y compris sur l&rsquo;aspect technique, avec les informaticiens pour :<\/li><\/ul>\n\n\n\n<ol class=\"wp-block-list\"><li>\u00e9tablir un contrat juridique (\u00e9crit en fran\u00e7ais ou en anglais) concernant un logiciel, une prestation informatique, une prestation li\u00e9e aux bases de donn\u00e9es, aux entrep\u00f4ts de donn\u00e9es, aux syst\u00e8mes d&rsquo;information, aux r\u00e9seaux ou aux r\u00e9seaux sociaux, en d\u00e9taillant les aspects techniques n\u00e9cessaires pour en montrer l&rsquo;originalit\u00e9 opposable aux concurrents ;<\/li><li>d\u00e9fendre un tel contrat \u00e0 l&rsquo;\u00e9gard de tiers le contestant ;<\/li><li>d\u00e9noncer un contrat concurrent en contestant les aspects techniques non pr\u00e9cis\u00e9ment \u00e9tablis ;<\/li><li>concernant le droit fran\u00e7ais, europ\u00e9en et international.<\/li><\/ol>\n\n\n\n<p><\/p>\n\n\n\n<ul class=\"wp-block-list\"><li>de mettre en place le R\u00e9glement g\u00e9n\u00e9ral sur la protection des donn\u00e9es (<a href=\"https:\/\/www.cnil.fr\/fr\/reglement-europeen-sur-la-protection-des-donnees-ce-qui-change-pour-les-professionnels\">RGPD<\/a>).<\/li><\/ul>\n\n\n\n<p><\/p>\n\n\n\n<h2 class=\"wp-block-heading\">Partenariats<br><\/h2>\n\n\n\n<p>Cette formation s&rsquo;effectue en partenariat avec l&rsquo;IUT de S\u00e9nart-Fontainebleau pour les sciences du num\u00e9rique et une partie des enseignements de Droit. Y sont \u00e9galement associ\u00e9s la&nbsp;<a href=\"http:\/\/sciences-tech.u-pec.fr\/\">Facult\u00e9 des Sciences et Technologie<\/a>&nbsp;de l&rsquo;UPEC, la&nbsp;<a href=\"http:\/\/fseg.u-pec.fr\/accueil-fr\/faculte-de-sciences-economiques-et-de-gestion-accueil-805689.kjsp\">Facult\u00e9 des Sciences \u00c9conomiques et de Gestion<\/a>&nbsp;de l&rsquo;UPEC, un certain nombre de cabinets d&rsquo;avocats et l&rsquo;incubateur du barreau de Paris.<\/p>\n\n\n\n<h2 class=\"wp-block-heading\">Conseil de perfectionnement<\/h2>\n\n\n\n<p>Le Conseil de perfectionnement est constitu\u00e9 :<\/p>\n\n\n\n<ul class=\"wp-block-list\"><li>du Directeur de la mention de master \u00ab Droit du num\u00e9rique \u00bb,<\/li><li>des responsables de module,<\/li><li>de deux personnalit\u00e9s ext\u00e9rieures :<\/li><\/ul>\n\n\n\n<ul class=\"wp-block-list\"><li><a href=\"https:\/\/www.linkedin.com\/in\/lise-damelet-07320931\/?originalSubdomain=fr\">Me Lise Damelet<\/a>, avocate au Cabinet&nbsp;<a href=\"https:\/\/www.orrick.com\/Locations\/France\">Orrick<\/a>, cofondatrice de l&rsquo;<a href=\"http:\/\/incubateur-barreaudeparis.com\/lincubateur-2\/genese\/\">incubateur du barreau de Paris<\/a><\/li><li><a href=\"https:\/\/www.u-paris2.fr\/fr\/universite\/enseignants-chercheurs\/m-michel-de-rougemont\">Michel de Rougemont<\/a>, Professeur des universit\u00e9s \u00e0 l&rsquo;universit\u00e9 Paris II &#8211; Assas, chercheur \u00e0 l&rsquo;<a href=\"https:\/\/www.irif.fr\/~mdr\/\">IRIF<\/a>&nbsp;&#8211; Universiteacute Paris VII, Directeur du Master 2&nbsp;<a href=\"https:\/\/www.u-paris2.fr\/fr\/formations\/offre-de-formation\/masters\/master-2-expertise-economique-et-juridique-des-systemes\">EEJSI<\/a>&nbsp;(<em>Expertise \u00c9conomique et Juridique des Syst\u00e8mes d&rsquo;Information<\/em>), sp\u00e9cialit\u00e9 du Master&nbsp;<em>\u00c9conomie Manag\u00e9riale et Industrielle<\/em>&nbsp;de l&rsquo;Universit\u00e9 Paris II<\/li><\/ul>\n\n\n\n<p><\/p>\n\n\n\n<ul class=\"wp-block-list\"><li>2 repr\u00e9sentants d&rsquo;\u00e9tudiants (M1 et M2)<\/li><\/ul>\n\n\n\n<h2 class=\"wp-block-heading\">Programme des enseignements<\/h2>\n\n\n\n<p>Le volume horaire des cours magistraux (CM) est fix\u00e9 \u00e0 30 heures (10 semaines de cours) et les TD (Travaux Dirig\u00e9s) et les TP (Travaux Pratiques) \u00e0 20 heures (9\/10 s\u00e9ances de 2h).<\/p>\n\n\n\n<p>1 ECTS = 7,5 h.<\/p>\n\n\n\n<ul class=\"wp-block-list\"><li><a href=\"https:\/\/masterinfodroit.lacl.fr\/?page_id=28\">Semestre 1<\/a><\/li><li><a href=\"https:\/\/masterinfodroit.lacl.fr\/?page_id=31\">Semestre 2<\/a><\/li><li><a href=\"https:\/\/masterinfodroit.lacl.fr\/?page_id=34\">Semestre 3<\/a><\/li><li><a href=\"https:\/\/masterinfodroit.lacl.fr\/?page_id=37\">Semestre 4<\/a><\/li><\/ul>\n\n\n\n<h2 class=\"wp-block-heading\">Modalit\u00e9s de contr\u00f4les des connaissances<\/h2>\n\n\n\n<p><a href=\"https:\/\/masterinfodroit.lacl.fr\/wp-content\/uploads\/2019\/02\/MCC-Master-FI.xlsx\">Fichier des MCC<\/a><\/p>\n","protected":false},"excerpt":{"rendered":"<p>Le parcours \u00ab&nbsp;Informatique et Droit&nbsp;\u00bb, le seul, de la mention \u00ab Droit du num\u00e9rique \u00bb du master \u00ab&nbsp;Droit&nbsp;\u00bb s&rsquo;adresse aux \u00e9tudiants titulaires d&rsquo;une licence de Droit, d&rsquo;une part, et v\u00e9ritablement int\u00e9ress\u00e9s par les sciences du num\u00e9rique (informatique), d&rsquo;autre part. Le dipl\u00f4me forme des juristes sp\u00e9cialis\u00e9s en droit du num\u00e9rique ayant acquis suffisamment de technicit\u00e9 dans [&hellip;]<\/p>\n","protected":false},"author":3,"featured_media":0,"parent":0,"menu_order":0,"comment_status":"closed","ping_status":"closed","template":"","meta":{"footnotes":""},"class_list":["post-235","page","type-page","status-publish","hentry"],"_links":{"self":[{"href":"https:\/\/masterinfodroit.lacl.fr\/index.php?rest_route=\/wp\/v2\/pages\/235","targetHints":{"allow":["GET"]}}],"collection":[{"href":"https:\/\/masterinfodroit.lacl.fr\/index.php?rest_route=\/wp\/v2\/pages"}],"about":[{"href":"https:\/\/masterinfodroit.lacl.fr\/index.php?rest_route=\/wp\/v2\/types\/page"}],"author":[{"embeddable":true,"href":"https:\/\/masterinfodroit.lacl.fr\/index.php?rest_route=\/wp\/v2\/users\/3"}],"replies":[{"embeddable":true,"href":"https:\/\/masterinfodroit.lacl.fr\/index.php?rest_route=%2Fwp%2Fv2%2Fcomments&post=235"}],"version-history":[{"count":1,"href":"https:\/\/masterinfodroit.lacl.fr\/index.php?rest_route=\/wp\/v2\/pages\/235\/revisions"}],"predecessor-version":[{"id":236,"href":"https:\/\/masterinfodroit.lacl.fr\/index.php?rest_route=\/wp\/v2\/pages\/235\/revisions\/236"}],"wp:attachment":[{"href":"https:\/\/masterinfodroit.lacl.fr\/index.php?rest_route=%2Fwp%2Fv2%2Fmedia&parent=235"}],"curies":[{"name":"wp","href":"https:\/\/api.w.org\/{rel}","templated":true}]}}